*4/24 - z**3/6 - 3*z**2 - 3. What is m(4)?
-13
Let n(k) = -2 + 0 + 4 + 2*k + 3. Let h be -8*2/(-4)*1. Suppose 3*g - 16 + h = 0. What is n(g)?
13
Suppose -6*f + 9*f + 3 = 0. Let h(t) = -4*t**3 - 5*t**2 + 7. Let k(z) = z**3 - z**2 + 1. Let b(p) = f*h(p) - 3*k(p). Calculate b(-8).
-10
Let p(m) = m**2 - 6*m. Let u(r) = -6*r**2 + 24*r. Let d(y) = -12*p(y) - 3*u(y). Suppose 2*j = 2*g - 12, 5*g - 20 = -2*j + 5*j. Calculate d(g).
6
Let o(u) = 2*u**3 + 6*u**2 + u + 1. Let b(p) = 4*p**3 + 11*p**2 + 1. Let r(k) = -3*b(k) + 5*o(k). Calculate r(-3).
14
Let x(n) = 11*n - 1. Suppose 22 = w - 3*o, -3*w - w - 5*o = -37. Let k be (2/6)/(w/39). What is x(k)?
10
Let v = 32 + -27. Let n(s) = -s**3 + 5*s**2 - 2*s + 12. Let b be n(v). Let d(m) be the first derivative of -m**2 - 2*m - 1. Give d(b).
-6
Let q(p) be the second derivative of 0*p**2 + 0 + 0*p**3 - 1/720*p**6 + 2/3*p**4 - 1/120*p**5 - 4*p. Let k(o) be the third derivative of q(o). Give k(-4).
3
Let x(b) = -8*b + 1. Suppose -2*c = -6*c - 48. Suppose 0 = -3*a - 3 - 30. Let v = a - c. Give x(v).
-7
Suppose 5*d + 2*q - 31 = -0*q, -4*q = 4*d - 32. Suppose -d*c - 19 = -0*r - 2*r, 5*r = -c - 20. Let u(m) = -3*m - 5. Give u(c).
10
Let j be ((-3)/4)/(5/120). Let v(o) = -3*o - 57. Determine v(j).
-3
Let k = -74 + 78. Let x(r) = -11*r**2 - k*r + r + 12*r**2 + 3 + 5*r. Determine x(-2).
3
Let r(h) = h**3 - 5*h**2 + 4. Suppose -o - 19 = -m - 9, -3*o - 35 = -4*m. Determine r(m).
4
Let a(h) = 2*h**2 + 106 + 8*h + 113 - 219. Determine a(-6).
24
Let v be 21/1 - (-2 - 0). Let p = -6 + v. Suppose -22 = -3*h - f - 3*f, 2*h + 5*f = p. Let t(d) = -d + 8. Give t(h).
2
Let n(a) = -3*a**2 - 2*a - 1. Let j = 197 + -200. Determine n(j).
-22
Let j(a) be the first derivative of a**5/60 - a**4/8 - a**3/6 - 17*a**2/2 - 13. Let t(k) be the second derivative of j(k). Determine t(3).
-1
Let j be 12/90 - (-116)/30. Let x(b) = j*b**3 + b - 10*b**3 + 4*b**3. Let s(n) = n**3 + 4*n**2 + n + 5. Let q be s(-4). What is x(q)?
-1
Let y(s) = s**3 + 45*s**2 - 92*s + 86. Let t be y(-47). Let w(q) = -3*q - 8. What is w(t)?
16
Let p(i) = -i + 1. Let x(f) = -f**2 + 4*f - 4. Let u(v) = 9*p(v) + 2*x(v). Suppose -4*l + 24 = -92. Suppose -g + l = 32. Determine u(g).
-14
Let m(a) = 3*a - 4. Let i(b) = 2*b + 1. Let x be i(1). Let v be m(x). Suppose v*f + 15 = 2*f. Let p(j) = j**2 + 6*j + 3. Determine p(f).
-2
Let z(b) = -b**3 + 3*b + 31*b**2 + 36*b**2 - 64*b**2. Calculate z(4).
-4
Let c(m) = 4*m - 17. Let k be c(5). Let i(j) = -9*j**2 - 5*j - 3. Let h(u) = -7*u**2 - 5*u - 2. Let b(g) = -5*h(g) + 4*i(g). What is b(k)?
4
Let b(j) = -j - 2. Suppose 0 = -14*o - 32 + 88. Suppose 3*v - o = 2*g, -18 = -4*g - 4*v - 66. What is b(g)?
6
Suppose 0*i + 4 = 2*i. Let b(v) = i - v + 5*v - 2*v. Let x = 190 - 188. What is b(x)?
6
Let v(c) be the first derivative of -3*c**2/2 + c + 8. Suppose -18 = -3*g + 5*k - k, 5*k + 15 = 0. Suppose -5*j + 32 = 3*h, 0*h = -g*j + h + 4. What is v(j)?
-11
Let q(d) = 2*d + 4. Suppose 2*i = 5*i + 6. Let k(x) be the third derivative of x**6/120 + x**5/30 - x**4/12 - x**3/6 - 4*x**2. Let a be k(i). Give q(a).
10
Let n(b) be the second derivative of b**5/20 - b**4/2 - b**3/2 + 3*b**2 - 483*b. Calculate n(7).
34
Let m(d) = 4*d**3 - 4*d**2 + 4*d. Let j(s) = 5*s**3 - 3*s**2 + 3*s. Let n(y) = -4*j(y) + 3*m(y). Let w = 588 - 589. Give n(w).
8
Let h be 104/13 - (2/(-8))/((-9)/36). Let t(g) be the second derivative of g**5/20 - g**4/2 - 5*g**3/6 - g**2/2 - g. Give t(h).
13
Suppose -45*s - 768 + 858 = 0. Let u(i) = -5*i + 7. Let h(b) = 9*b - 13. Let q(c) = -6*h(c) - 11*u(c). Give q(s).
3
Let g(b) be the second derivative of b**5/20 + b**4/4 - b**3/3 - b**2 + 34*b. Let a be ((-1)/(-2))/((-2)/12). Determine g(a).
4
Let x(o) = 6*o - 3. Let t(k) = k**3 - 2*k**2 - 5*k + 13. Let b be t(4). Let y = b + -22. Calculate x(y).
15
Let o(u) = u**3 + 6*u**2 + 2*u - 4. Let q = -51 - -49. Let v be q + -2*2/8*6. What is o(v)?
11
Let k(f) = -f**2 + 10*f - 4. Let d be 5/(-1) + (-156)/(-13). Calculate k(d).
17
Let d(r) = -16*r**3 - 6*r**2 - 5*r + 6. Let t(f) = -f**3 - f**2 - f + 1. Let w(m) = -d(m) + 6*t(m). Calculate w(1).
9
Suppose 34 = 6*z + 4. Let m(w) = 3*w - 5. What is m(z)?
10
Let l(o) be the first derivative of 7*o**2 - 4*o - 259. What is l(3)?
38
Let v(a) = a - 3. Let f = 852 + -856. What is v(f)?
-7
Let k(i) = -i**3 + 3*i**2 - i - 1. Let c = -255 + 259. Give k(c).
-21
Let o(k) = k**2 + 3*k - 3. Let f be 2/7 - (-2144)/(-56). Let w = f - -34. Calculate o(w).
1
Let b(w) = -2*w**3 + 2*w**2 - 8*w + 5. Let o be b(1). Let u(x) = 4*x - 8. Calculate u(o).
-20
Let r(i) = i - 329 + 164 + 150. Let u(p) = -p + 5. Let y be u(5). Calculate r(y).
-15
Let z(c) = 4*c + 5. Let i(j) = -15*j - 21. Suppose -3*s = -t - 18, -2 = -2*t - 5*s - 5. Let q(v) = t*z(v) - 2*i(v). Determine q(-3).
15
Let j = 11 - 8. Suppose -j*h + h - 6 = -4*i, 3*i - 5*h = -6. Let g(c) = -i*c + 4*c + 0*c - 1. Determine g(-3).
-4
Suppose 9*z + 25 = 4*z. Let u(w) = -w - 6. Let a be u(z). Let y(n) = -n**3 - 2*n**2 - 2*n - 1. Determine y(a).
0
Let w(v) = v**3 + 4*v**2 - v + 3. Suppose -5*g - 293 + 268 = 0. Determine w(g).
-17
Let x = 11 + -6. Let v(a) = 1 + 23*a**2 - 24*a**2 - 3*a - x*a. Determine v(-6).
13
Let d = 37 + -35. Let k(c) = -2 - 2 + 2*c + c**d + 3 - 6*c. Calculate k(3).
-4
Let r be (-2)/(-8) + 11/4. Suppose -v - n = -3, 4*v + r*n - 11 = 1. Let u(p) be the third derivative of -p**5/60 + p**4/24 - p**3/3 - 3*p**2. What is u(v)?
-8
Let g(z) = -3*z**2 + 5*z + 7. Let i(n) = 8*n**2 - 11*n - 16. Let y(t) = -7*g(t) - 3*i(t). What is y(-2)?
-9
Let i(b) = -2 + b**2 + 11*b - 11 + 0*b. Give i(-11).
-13
Let p(v) = v**2 - v + 1. Let n be p(3). Suppose 0 = 3*z - n - 8. Let x(j) = -j**2 + 4*j + 7. Let h(s) = 3. Let r(d) = 4*h(d) - x(d). What is r(z)?
10
Let o(q) = 2*q + 1. Suppose -n = -2*n - 1. Give o(n).
-1
Let c(v) = -7 + v + 3 - 2 + 3. Give c(4).
1
Let z(w) = -w. Let c(p) = -1. Let r(t) = 6. Let n(s) = -5*c(s) - r(s). Let i(h) = -n(h) + z(h). Give i(-1).
2
Let o(l) be the first derivative of -3*l**4/4 - l**3/3 - l**2 - l - 74. Determine o(-2).
23
Let g(x) = 4*x**3 - x - 11*x**3 + 1 - 2*x**3 + x**2. Determine g(1).
-8
Let b be 2*(0 + (-9)/(-6)). Let m be b + (-2)/6*0. Let v(i) = 6*i - 3. What is v(m)?
15
Let s(o) = -o - 1. Let f be s(-2). Let m(y) = -3*y**2 + f + 0 - 1 - y**3 + 2. Suppose 1 = -4*c - 7. Determine m(c).
-2
Let w(y) be the third derivative of y**8/20160 + y**7/1260 + 13*y**5/30 + 31*y**2. Let m(f) be the third derivative of w(f). Determine m(-2).
-4
Let t be (-6)/(-24) - (-69)/12. Let w(o) = 0*o + 7*o**2 + t*o + o**3 + 6 - 6 + 1. Determine w(-6).
1
Let h(u) = u**3 + 1 + 5*u + 0 + 1 + 3*u**2. Suppose -4*i - 2 = 10. Calculate h(i).
-13
Let t = 768 + -766. Let z(x) = 5*x**2 - 3*x + 3. Calculate z(t).
17
Let l(w) = -6*w + 132. Let a be l(22). Let o(y) = y**2 + y. Let b be o(-3). Let x(r) = -3 + 5 + r + b. What is x(a)?
8
Let n(r) be the first derivative of -2*r**4 + 2*r**3/3 - r - 1. Let x(w) = -w**2 + 18*w - 44. Let b be x(15). Determine n(b).
-7
Let k(z) be the third derivative of z**4/24 + z**3/6 - 4*z**2 + 67*z. Determine k(1).
2
Let p be (0 - 0) + (-16 - 0). Let f = 10 + p. Let r(g) = -4*g + 10. Let h(k) = 3*k - 10. Let m(q) = -5*h(q) - 4*r(q). Determine m(f).
4
Let x(s) be the second derivative of -s**4/12 - 5*s**3/6 + s**2 + 43*s. Let r(c) = -c**3 - 5*c**2 - 3*c - 1. Let p be r(-4). What is x(p)?
2
Let k(g) = -g**2 - g + 11. Let j(v) = 7*v**2 + 15*v - 57. Let l(n) = j(n) + 6*k(n). Determine l(-10).
19
Let p(m) = -3*m**2. Let l(c) = 9*c**2 - 2*c + 1. Let n(z) = l(z) - 3*p(z). What is n(-1)?
21
Suppose -i + 2*i + 1 = 0. Let w be (i + 8/6)*6. Let l(v) = v**3 - w*v**3 + v**2 + 25 + 5*v - 29. Determine l(3).
-7
Let h = 17 - 16. Let l(i) = 0*i**2 + 83*i - 3*i**2 + h - 86*i + 2*i**2. Determine l(-4).
-3
Let m be -15*(8 - (-84)/(-10)). Let o(v) = v**3 - 5*v**2 - 5*v - 7. What is o(m)?
-1
Let d(n) = n**2 - 3*n - 8. Let a be d(9). Suppose -5*m + a = 36. Let o(l) = l**3 + 2*l - 3. Calculate o(m).
9
Let m(v) = -v**3 + 5*v**2 + 4*v - 3. Let z(p) = -2*p**3 + 9*p**2 + 9*p - 5. Let a(s) = 9*m(s) - 4*z(s). Determine a(9).
-7
Suppose -3*j - 24 = -5*j - 4*r, 5*r = 4*j + 17. Let c(p) be the second derivative of -p**4/12 + p**2 + 2639*p. Give c(j).
-2
Let k(o) = -2*o**2 + 3*o + 8. Let q be (-1)/2*(4 + 0). Determine k(q)